). Calculate the greatest common divisor of 12 and x.
12
Let t(k) = 4*k**3 + 5*k**2 - 27*k - 22. Let w be t(5). What is the highest common divisor of 6708 and w?
156
Suppose 2*m - 1420 = 2*n, 10*m - 3*n + 2094 = 13*m. What is the highest common divisor of m and 110?
22
Let c(b) = b**2 + 6*b - 25. Let m be c(-14). Let r be 35061/m - (-1 - -5). What is the highest common factor of 21 and r?
21
Suppose 4 = 3*d - d. Suppose 0 = 3*r + c, -3*r + c - d + 8 = 0. Suppose -6*y + r = -41. What is the greatest common factor of 1 and y?
1
Let x = -12414 - -37916. Calculate the greatest common factor of x and 82.
82
Let a(z) = -262 - 11*z - 7*z - 3*z. Let c be a(-16). Let f be (3/3)/((-2)/(-74)). What is the greatest common factor of c and f?
37
Let k be ((-894)/9)/(2541/(-4185) + 81/135). What is the highest common divisor of k and 93?
93
Suppose 1000 = -5*a + 4*f + f, a + 185 = -4*f. Let i = -32 - a. Suppose 12*b - 315 = -9*b. Calculate the greatest common divisor of i and b.
15
Let n = 53 + 605. Calculate the greatest common factor of n and 364.
14
Let v(p) = -p**3 + 14*p**2 - 36*p - 21. Let x be v(8). What is the highest common factor of 315 and x?
15
Let i = -474 - -573. Calculate the highest common divisor of i and 18.
9
Suppose 0 = -37*t + 70*t - 396. Calculate the greatest common factor of t and 1116.
12
Suppose -5*y + 335 = 4*z, 120*z + 240 = 123*z + 6*y. Calculate the greatest common divisor of z and 2870.
10
Let s = 24520 + -5674. What is the greatest common factor of s and 108?
54
Let b(u) = u**3 + 9*u**2 + 9*u - 9. Let g be b(-5). Let l = 2693 - 1819. Calculate the highest common factor of l and g.
46
Suppose -16*b + 8013 = 12*b + 1433. Calculate the greatest common divisor of b and 63215.
235
Suppose 14*m - 9*m = 15. Suppose -m*c + 2 + 9 = -k, -20 = 3*k + 4*c. Let y = -5 - k. What is the highest common divisor of 27 and y?
3
Suppose -1686*b + 1683*b + 12090 = 0. What is the highest common factor of b and 26?
26
Suppose -19*o = 551 - 1501. What is the greatest common factor of o and 5050?
50
Let k(q) = -q**2 - 10*q - 28. Let r be k(-6). Suppose 0 = -45*m + 41*m + 64. Let n be m/r - (-33)/3. Calculate the highest common factor of n and 91.
7
Let t = 105 + -21. Let k = -23 - -62. Suppose k = 3*m + 3. What is the highest common divisor of t and m?
12
Suppose 0 = -12*k + 13*k + 11. Let z = k - -55. Let p be z + 2 + (-20)/5. What is the highest common divisor of 21 and p?
21
Let i = 336 - 109. Suppose -6*b - i = -821. Calculate the highest common factor of 231 and b.
33
Suppose 15026 = -31*m + 449863. Calculate the highest common divisor of m and 83.
83
Suppose 22*z - 25*z = 42*z - 810. What is the highest common divisor of 7362 and z?
18
Suppose 17*z - 726 - 498 = 0. What is the highest common divisor of 32 and z?
8
Let l be (-1 + 286/10)*34/1292*95. Calculate the greatest common divisor of l and 598.
23
Let y(h) = 31*h**2 - 1. Let w be y(-1). Let c be -2*12/32*(-112 - -4). Suppose -c*k - 180 = -93*k. What is the highest common divisor of k and w?
15
Let l(i) = 3*i**3 - 4*i**3 - 2*i - 5*i**3 - 18*i**2 + 2 + i**3. Let y be l(-5). Calculate the greatest common divisor of y and 44.
11
Let h = 478 - 136. Let p(o) = o**3 + 4*o**2 + 180*o + 1190. Let u be p(-6). What is the greatest common divisor of h and u?
38
Suppose -90 = -12*c + 421 - 43. Let p(l) = l**2 + 5*l + 6. Let s be p(-5). Calculate the highest common divisor of c and s.
3
Let y = -1 - -3. Let q(s) = 45*s**3 - 3*s + 3*s**2 - 23*s**3 - 21*s**3 + 4. Let d be q(y). Calculate the greatest common divisor of 162 and d.
18
Let t(c) = -502*c + 9064. Let v be t(18). What is the highest common divisor of 188 and v?
4
Suppose 3*k - h + 43 = 220, 4*k - h = 237. Let m be 8/k + 746/30. Calculate the greatest common factor of m and 125.
25
Let a = -3757 + 3844. What is the highest common divisor of 12093 and a?
87
Suppose 28 = 4*v + 16. Suppose v*t + 5*s = 1035, -14*t + 13*t = 5*s - 335. What is the highest common divisor of t and 10?
10
Let m be ((-20)/50)/(4/(-30)). Suppose 5*f = -m*f + 176. Suppose 4*g + 607 = 4*c + g, -2*c = 5*g - 323. What is the greatest common divisor of c and f?
22
Let o(q) = -q**3 - 5*q**2 - 13*q + 21. Let a be o(-6). Calculate the greatest common factor of 90 and a.
45
Let o(w) = 3*w - 1. Let q be o(2). Suppose 4*s + 58 = -2. Let n(p) = p**3 + 15*p**2 - 5*p - 25. Let b be n(s). Calculate the highest common divisor of q and b.
5
Let s = -4971 - -4987. What is the highest common divisor of s and 56?
8
Suppose 3*c + 407 = 4*a, a - 4*c = 4*a - 274. Suppose -16*b + 9*b = -a. Suppose -5*z + 259 - 49 = 0. What is the highest common factor of z and b?
14
Suppose -11*t = -50*t + 1521. Suppose 722 = 2*w - 5*f, 4*w + f - 1424 = 6*f. What is the greatest common factor of w and t?
39
Suppose 0 = 4*o - 12 - 0. Suppose 0 = v + v + 5*x - 2, -o*v - 5*x = -13. Let j = 5 + v. What is the highest common divisor of 176 and j?
16
Suppose 4*h - 3*v - 11323 + 1093 = 0, -2*h + 5112 = -v. What is the highest common factor of h and 777?
111
Suppose 0 = -3*i + 9, 0 = -k - 0*k + 5*i - 11. Let s(h) = 1 + 2 - k - 23*h + 20*h. Let g be s(-2). What is the highest common factor of 20 and g?
5
Suppose 62*x + 14*x - 13*x = 12096. What is the highest common factor of x and 28992?
192
Suppose 5*b = 74 - 134. Let h be (-78)/((-3)/b*-26 + 5). What is the highest common factor of 4 and h?
4
Suppose -39 = -9*s + 24. Let r = 30 + -26. Let z be ((-1)/(-3))/(r/588). Calculate the highest common factor of z and s.
7
Let i(m) = 165*m**2 - 75*m + 196. Let k be i(3). What is the highest common factor of 5376 and k?
112
Let i be ((-135)/(-54) - -7)*12. What is the highest common factor of 25707 and i?
57
Suppose -3*t = -5*i + 55, -t - 4*t + i = 55. Let b = t - -24. Let j = -45 - -80. What is the highest common factor of b and j?
7
Let l be 7 - (-13 + -404 + -14). What is the greatest common factor of 48 and l?
6
Suppose -5*b - 11 - 169 = 0. Let k be 7*b/(-147)*(-49)/(-2). Calculate the highest common divisor of k and 2.
2
Let f be 249/1 - 18*(-36)/216. Suppose 0*w - 5*w = -140. Calculate the highest common factor of w and f.
28
Let j(u) = u**2 - 6*u - 35. Let s be j(10). Suppose -s*g + 32 = -408. Calculate the highest common factor of g and 33.
11
Let a(t) = 2*t**3 - 5*t**2 - 63*t + 146. Let q be a(6). Calculate the greatest common factor of q and 70.
10
Suppose 3*w + 6 = w. Let n be -4 + w*(-16 + 0). Let f be (-28)/(-49) + 300/14. What is the highest common divisor of f and n?
22
Let s be (0 - 1)/(3/(-21)) - (-1737 - -896). What is the highest common factor of s and 689?
53
Suppose 3*p - 2*p - 16 = 0. Let u = -24413 + 24565. What is the greatest common divisor of u and p?
8
Let t = -3552 + 3769. What is the highest common divisor of t and 35?
7
Let f(m) = -2*m**3 - 91*m**2 + 28*m - 80. Let d be f(-46). What is the greatest common factor of 340 and d?
68
Let t be ((-32)/10)/((-20)/(-50)). Let a be 4/1*(t - 34/(-4)). What is the greatest common divisor of a and 17?
1
Let x be 0 - -1138 - (-8)/(56/49). What is the highest common factor of x and 15?
5
Suppose -140*n + 8*n = 88*n - 112200. Calculate the highest common divisor of n and 561.
51
Let p = -52 + 94. Suppose -50*c + 8730 - 50 = 74*c. What is the greatest common factor of c and p?
14
Suppose 5*m - 3167 = -191*c + 188*c, -m + 655 = -3*c. What is the highest common factor of 1617 and m?
49
Let j be -2*(-2)/(-26) - (-54)/13. Suppose 2*h + 3*y = -2*h + 27, 2*h + j*y = 26. Suppose 28 = h*m - 11. Calculate the greatest common factor of m and 104.
13
Let g be (-144)/(-9)*2*1/8. Suppose -g*p = -12*p + 16. Calculate the greatest common divisor of 18 and p.
2
Suppose -137*w + 26712 = -65*w. Calculate the greatest common factor of 21 and w.
7
Suppose 0 = -3*f + 1 + 5. Suppose -v + p = -14, -5 = -p - 4*p. Let z be v + (2 - (-6)/6). What is the highest common factor of z and f?
2
Let z be (-34628)/(-16)*29/(725/200). What is the greatest common divisor of z and 22?
22
Let d(y) = 21*y - 96. Let o be d(18). Suppose -4*c = 218 - o. What is the highest common factor of 48 and c?
16
Let m(v) = 40*v + 264. Let r be m(-6). Let u be (2 - -1*60) + -2. What is the greatest common factor of u and r?
12
Let v = -29 + -4. Let d be (-3 - v)*(-6)/(-9). Let o(j) = j**3 + 13*j**2 + 10*j - 14. Let y